{"id":207,"date":"2025-05-12T12:16:06","date_gmt":"2025-05-12T09:16:06","guid":{"rendered":"https:\/\/denizcevsan.com\/?page_id=207"},"modified":"2025-05-12T12:16:39","modified_gmt":"2025-05-12T09:16:39","slug":"camur-susuzlastirma-ve-kurutma-sistemleri","status":"publish","type":"page","link":"https:\/\/denizcevsan.com\/index.php\/camur-susuzlastirma-ve-kurutma-sistemleri\/","title":{"rendered":"\u00c7amur Susuzla\u015ft\u0131rma ve Kurutma Sistemleri"},"content":{"rendered":"\t\t<div data-elementor-type=\"wp-page\" data-elementor-id=\"207\" class=\"elementor elementor-207\">\n\t\t\t\t\t\t\t\t\t<section class=\"elementor-section elementor-top-section elementor-element elementor-element-cbff1f5 elementor-section-boxed elementor-section-height-default elementor-section-height-default\" data-id=\"cbff1f5\" data-element_type=\"section\">\n\t\t\t\t\t\t<div class=\"elementor-container elementor-column-gap-default\">\n\t\t\t\t\t<div class=\"elementor-column elementor-col-100 elementor-top-column elementor-element elementor-element-1f76c0d\" data-id=\"1f76c0d\" data-element_type=\"column\">\n\t\t\t<div class=\"elementor-widget-wrap elementor-element-populated\">\n\t\t\t\t\t\t\t\t<div class=\"elementor-element elementor-element-8de0d7a elementor-widget elementor-widget-ts-portfolios\" data-id=\"8de0d7a\" data-element_type=\"widget\" data-widget_type=\"ts-portfolios.default\">\n\t\t\t\t<div class=\"elementor-widget-container\">\n\t\t\t\t\t\t<div class=\"ts-portfolio-wrapper ts-shortcode loading ts-masonry columns-3\" data-atts=\"{&quot;columns&quot;:&quot;3&quot;,&quot;limit&quot;:9,&quot;categories&quot;:&quot;20&quot;,&quot;orderby&quot;:&quot;none&quot;,&quot;order&quot;:&quot;DESC&quot;,&quot;show_filter_bar&quot;:&quot;1&quot;,&quot;show_title&quot;:&quot;1&quot;,&quot;show_date&quot;:&quot;0&quot;,&quot;show_categories&quot;:&quot;1&quot;,&quot;show_like_icon&quot;:&quot;0&quot;,&quot;original_image&quot;:&quot;0&quot;,&quot;is_slider&quot;:&quot;0&quot;,&quot;show_nav&quot;:&quot;1&quot;,&quot;auto_play&quot;:&quot;0&quot;}\" >\n\t\t\t\n\t\t\t\t\t\t\n\t\t\t\t\t\t\t\t<ul class=\"filter-bar\">\n\t\t\t\t\t\t<li data-filter=\"*\" class=\"current\">All<\/li>\n\t\t\t\t\t\t\t\t\t\t\t\t<li data-filter=\".camur-susuzlastirma-ve-kurutma-sistemleri\">\u00c7amur Susuzla\u015ft\u0131rma ve Kurutma Sistemleri<\/li>\n\t\t\t\t\t\t\t\t\t\t\t<\/ul>\n\t\t\t\t\t\t\t\t\t<div class=\"portfolio-inner items\">\n\t\t\t\t\t\t\t\t\t<div class=\"item camur-susuzlastirma-ve-kurutma-sistemleri \">\n\t\t\t\t\t<div class=\"item-wrapper\">\n\t\t\t\t\t\t<div class=\"portfolio-thumbnail\">\n\t\t\t\t\t\t\n\t\t\t\t\t\t\t\t\t\t\t\t\t\t<figure>\n\t\t\t\t\t\t\t\t<a href=\"https:\/\/denizcevsan.com\/index.php\/portfolio\/paddle-dryer-camur-kurutma-sistemleri\/\"><img loading=\"lazy\" decoding=\"async\" width=\"600\" height=\"472\" src=\"https:\/\/denizcevsan.com\/wp-content\/uploads\/2025\/05\/admin-ajax-22.jpeg\" class=\"attachment-ts_portfolio_thumb size-ts_portfolio_thumb wp-post-image\" alt=\"\" srcset=\"https:\/\/denizcevsan.com\/wp-content\/uploads\/2025\/05\/admin-ajax-22.jpeg 600w, https:\/\/denizcevsan.com\/wp-content\/uploads\/2025\/05\/admin-ajax-22-300x236.jpeg 300w\" sizes=\"auto, (max-width: 600px) 100vw, 600px\" \/><\/a>\t\t\t\t\t\t\t\t\n\t\t\t\t\t\t\t<\/figure>\n\t\t\t\t\t\t\t\t\t\t\t\t\t\t\n\t\t\t\t\t\t\t\t\t\t\t\t\t\t\n\t\t\t\t\t\t\t\t\t\t\t\t\t\t<div class=\"cats-portfolio\">\n\t\t\t\t\t\t\t\t<a href=\"https:\/\/denizcevsan.com\/index.php\/ts_portfolio_cat\/camur-susuzlastirma-ve-kurutma-sistemleri\/\" rel=\"tag\">\u00c7amur Susuzla\u015ft\u0131rma ve Kurutma Sistemleri<\/a>\t\t\t\t\t\t\t<\/div>\n\t\t\t\t\t\t\t\t\t\t\t\t\t\t\n\t\t\t\t\t\t<\/div>\n\t\t\t\t\t\t\n\t\t\t\t\t\t<div class=\"portfolio-meta\">\n\n\t\t\t\t\t\t\t\t\t\t\t\t\t\t<h4 class=\"heading-title\">\n\t\t\t\t\t\t\t\t<a href=\"https:\/\/denizcevsan.com\/index.php\/portfolio\/paddle-dryer-camur-kurutma-sistemleri\/\">\n\t\t\t\t\t\t\t\t\tPaddle Dryer- \u00c7amur Kurutma Sistemleri\t\t\t\t\t\t\t\t<\/a>\n\t\t\t\t\t\t\t<\/h4>\n\t\t\t\t\t\t\t\t\t\t\t\t\t\t\n\t\t\t\t\t\t\t\n\t\t\t\t\t\t<\/div>\n\t\t\t\t\t<\/div>\n\t\t\t\t<\/div>\n\t\t\t\t\t\t\t<div class=\"item camur-susuzlastirma-ve-kurutma-sistemleri \">\n\t\t\t\t\t<div class=\"item-wrapper\">\n\t\t\t\t\t\t<div class=\"portfolio-thumbnail\">\n\t\t\t\t\t\t\n\t\t\t\t\t\t\t\t\t\t\t\t\t\t<figure>\n\t\t\t\t\t\t\t\t<a href=\"https:\/\/denizcevsan.com\/index.php\/portfolio\/torbali-camur-susuzlastirma-sistemleri\/\"><img loading=\"lazy\" decoding=\"async\" width=\"338\" height=\"600\" src=\"https:\/\/denizcevsan.com\/wp-content\/uploads\/2025\/05\/admin-ajax-23.jpeg\" class=\"attachment-ts_portfolio_thumb size-ts_portfolio_thumb wp-post-image\" alt=\"\" srcset=\"https:\/\/denizcevsan.com\/wp-content\/uploads\/2025\/05\/admin-ajax-23.jpeg 338w, https:\/\/denizcevsan.com\/wp-content\/uploads\/2025\/05\/admin-ajax-23-169x300.jpeg 169w\" sizes=\"auto, (max-width: 338px) 100vw, 338px\" \/><\/a>\t\t\t\t\t\t\t\t\n\t\t\t\t\t\t\t<\/figure>\n\t\t\t\t\t\t\t\t\t\t\t\t\t\t\n\t\t\t\t\t\t\t\t\t\t\t\t\t\t\n\t\t\t\t\t\t\t\t\t\t\t\t\t\t<div class=\"cats-portfolio\">\n\t\t\t\t\t\t\t\t<a href=\"https:\/\/denizcevsan.com\/index.php\/ts_portfolio_cat\/camur-susuzlastirma-ve-kurutma-sistemleri\/\" rel=\"tag\">\u00c7amur Susuzla\u015ft\u0131rma ve Kurutma Sistemleri<\/a>\t\t\t\t\t\t\t<\/div>\n\t\t\t\t\t\t\t\t\t\t\t\t\t\t\n\t\t\t\t\t\t<\/div>\n\t\t\t\t\t\t\n\t\t\t\t\t\t<div class=\"portfolio-meta\">\n\n\t\t\t\t\t\t\t\t\t\t\t\t\t\t<h4 class=\"heading-title\">\n\t\t\t\t\t\t\t\t<a href=\"https:\/\/denizcevsan.com\/index.php\/portfolio\/torbali-camur-susuzlastirma-sistemleri\/\">\n\t\t\t\t\t\t\t\t\tTorbal\u0131 \u00c7amur Susuzla\u015ft\u0131rma Sistemleri\t\t\t\t\t\t\t\t<\/a>\n\t\t\t\t\t\t\t<\/h4>\n\t\t\t\t\t\t\t\t\t\t\t\t\t\t\n\t\t\t\t\t\t\t\n\t\t\t\t\t\t<\/div>\n\t\t\t\t\t<\/div>\n\t\t\t\t<\/div>\n\t\t\t\t\t\t\t<div class=\"item camur-susuzlastirma-ve-kurutma-sistemleri \">\n\t\t\t\t\t<div class=\"item-wrapper\">\n\t\t\t\t\t\t<div class=\"portfolio-thumbnail\">\n\t\t\t\t\t\t\n\t\t\t\t\t\t\t\t\t\t\t\t\t\t<figure>\n\t\t\t\t\t\t\t\t<a href=\"https:\/\/denizcevsan.com\/index.php\/portfolio\/vakumlu-yatay-belt-presler-camur-susuzlastirma-sistemleri\/\"><img loading=\"lazy\" decoding=\"async\" width=\"600\" height=\"478\" src=\"https:\/\/denizcevsan.com\/wp-content\/uploads\/2025\/05\/admin-ajax-24.jpeg\" class=\"attachment-ts_portfolio_thumb size-ts_portfolio_thumb wp-post-image\" alt=\"\" srcset=\"https:\/\/denizcevsan.com\/wp-content\/uploads\/2025\/05\/admin-ajax-24.jpeg 600w, https:\/\/denizcevsan.com\/wp-content\/uploads\/2025\/05\/admin-ajax-24-300x239.jpeg 300w\" sizes=\"auto, (max-width: 600px) 100vw, 600px\" \/><\/a>\t\t\t\t\t\t\t\t\n\t\t\t\t\t\t\t<\/figure>\n\t\t\t\t\t\t\t\t\t\t\t\t\t\t\n\t\t\t\t\t\t\t\t\t\t\t\t\t\t\n\t\t\t\t\t\t\t\t\t\t\t\t\t\t<div class=\"cats-portfolio\">\n\t\t\t\t\t\t\t\t<a href=\"https:\/\/denizcevsan.com\/index.php\/ts_portfolio_cat\/camur-susuzlastirma-ve-kurutma-sistemleri\/\" rel=\"tag\">\u00c7amur Susuzla\u015ft\u0131rma ve Kurutma Sistemleri<\/a>\t\t\t\t\t\t\t<\/div>\n\t\t\t\t\t\t\t\t\t\t\t\t\t\t\n\t\t\t\t\t\t<\/div>\n\t\t\t\t\t\t\n\t\t\t\t\t\t<div class=\"portfolio-meta\">\n\n\t\t\t\t\t\t\t\t\t\t\t\t\t\t<h4 class=\"heading-title\">\n\t\t\t\t\t\t\t\t<a href=\"https:\/\/denizcevsan.com\/index.php\/portfolio\/vakumlu-yatay-belt-presler-camur-susuzlastirma-sistemleri\/\">\n\t\t\t\t\t\t\t\t\tVakumlu Yatay Belt Presler -\u00c7amur Susuzla\u015ft\u0131rma Sistemleri\t\t\t\t\t\t\t\t<\/a>\n\t\t\t\t\t\t\t<\/h4>\n\t\t\t\t\t\t\t\t\t\t\t\t\t\t\n\t\t\t\t\t\t\t\n\t\t\t\t\t\t<\/div>\n\t\t\t\t\t<\/div>\n\t\t\t\t<\/div>\n\t\t\t\t\t\t\t<div class=\"item camur-susuzlastirma-ve-kurutma-sistemleri \">\n\t\t\t\t\t<div class=\"item-wrapper\">\n\t\t\t\t\t\t<div class=\"portfolio-thumbnail\">\n\t\t\t\t\t\t\n\t\t\t\t\t\t\t\t\t\t\t\t\t\t<figure>\n\t\t\t\t\t\t\t\t<a href=\"https:\/\/denizcevsan.com\/index.php\/portfolio\/vidali-pres-camur-susuzlastirma-sistemleri\/\"><img loading=\"lazy\" decoding=\"async\" width=\"600\" height=\"353\" src=\"https:\/\/denizcevsan.com\/wp-content\/uploads\/2025\/05\/admin-ajax-25.jpeg\" class=\"attachment-ts_portfolio_thumb size-ts_portfolio_thumb wp-post-image\" alt=\"\" srcset=\"https:\/\/denizcevsan.com\/wp-content\/uploads\/2025\/05\/admin-ajax-25.jpeg 600w, https:\/\/denizcevsan.com\/wp-content\/uploads\/2025\/05\/admin-ajax-25-300x177.jpeg 300w\" sizes=\"auto, (max-width: 600px) 100vw, 600px\" \/><\/a>\t\t\t\t\t\t\t\t\n\t\t\t\t\t\t\t<\/figure>\n\t\t\t\t\t\t\t\t\t\t\t\t\t\t\n\t\t\t\t\t\t\t\t\t\t\t\t\t\t\n\t\t\t\t\t\t\t\t\t\t\t\t\t\t<div class=\"cats-portfolio\">\n\t\t\t\t\t\t\t\t<a href=\"https:\/\/denizcevsan.com\/index.php\/ts_portfolio_cat\/camur-susuzlastirma-ve-kurutma-sistemleri\/\" rel=\"tag\">\u00c7amur Susuzla\u015ft\u0131rma ve Kurutma Sistemleri<\/a>\t\t\t\t\t\t\t<\/div>\n\t\t\t\t\t\t\t\t\t\t\t\t\t\t\n\t\t\t\t\t\t<\/div>\n\t\t\t\t\t\t\n\t\t\t\t\t\t<div class=\"portfolio-meta\">\n\n\t\t\t\t\t\t\t\t\t\t\t\t\t\t<h4 class=\"heading-title\">\n\t\t\t\t\t\t\t\t<a href=\"https:\/\/denizcevsan.com\/index.php\/portfolio\/vidali-pres-camur-susuzlastirma-sistemleri\/\">\n\t\t\t\t\t\t\t\t\tVidal\u0131 Pres &#8211; \u00c7amur Susuzla\u015ft\u0131rma Sistemleri\t\t\t\t\t\t\t\t<\/a>\n\t\t\t\t\t\t\t<\/h4>\n\t\t\t\t\t\t\t\t\t\t\t\t\t\t\n\t\t\t\t\t\t\t\n\t\t\t\t\t\t<\/div>\n\t\t\t\t\t<\/div>\n\t\t\t\t<\/div>\n\t\t\t\t\t\t\t<\/div>\n\t\t\t\t\n\t\t\t\t\t\t\t<\/div>\n\t\t\t\n\t\t\t\t\t<\/div>\n\t\t\t\t<\/div>\n\t\t\t\t\t<\/div>\n\t\t<\/div>\n\t\t\t\t\t\t\t<\/div>\n\t\t<\/section>\n\t\t\t\t\t\t\t<\/div>\n\t\t","protected":false},"excerpt":{"rendered":"<p>All \u00c7amur Susuzla\u015ft\u0131rma ve Kurutma Sistemleri \u00c7amur Susuzla\u015ft\u0131rma ve Kurutma Sistemleri Paddle Dryer- \u00c7amur Kurutma Sistemleri \u00c7amur Susuzla\u015ft\u0131rma ve Kurutma Sistemleri Torbal\u0131 \u00c7amur Susuzla\u015ft\u0131rma Sistemleri \u00c7amur Susuzla\u015ft\u0131rma ve Kurutma Sistemleri Vakumlu Yatay Belt Presler -\u00c7amur Susuzla\u015ft\u0131rma Sistemleri \u00c7amur Susuzla\u015ft\u0131rma ve Kurutma Sistemleri Vidal\u0131 Pres &#8211; \u00c7amur Susuzla\u015ft\u0131rma Sistemleri<\/p>\n","protected":false},"author":1,"featured_media":0,"parent":0,"menu_order":0,"comment_status":"closed","ping_status":"closed","template":"","meta":{"footnotes":""},"class_list":["post-207","page","type-page","status-publish","hentry"],"_links":{"self":[{"href":"https:\/\/denizcevsan.com\/index.php\/wp-json\/wp\/v2\/pages\/207","targetHints":{"allow":["GET"]}}],"collection":[{"href":"https:\/\/denizcevsan.com\/index.php\/wp-json\/wp\/v2\/pages"}],"about":[{"href":"https:\/\/denizcevsan.com\/index.php\/wp-json\/wp\/v2\/types\/page"}],"author":[{"embeddable":true,"href":"https:\/\/denizcevsan.com\/index.php\/wp-json\/wp\/v2\/users\/1"}],"replies":[{"embeddable":true,"href":"https:\/\/denizcevsan.com\/index.php\/wp-json\/wp\/v2\/comments?post=207"}],"version-history":[{"count":4,"href":"https:\/\/denizcevsan.com\/index.php\/wp-json\/wp\/v2\/pages\/207\/revisions"}],"predecessor-version":[{"id":211,"href":"https:\/\/denizcevsan.com\/index.php\/wp-json\/wp\/v2\/pages\/207\/revisions\/211"}],"wp:attachment":[{"href":"https:\/\/denizcevsan.com\/index.php\/wp-json\/wp\/v2\/media?parent=207"}],"curies":[{"name":"wp","href":"https:\/\/api.w.org\/{rel}","templated":true}]}}